{"id":7517,"date":"2025-04-21T09:33:11","date_gmt":"2025-04-21T09:33:11","guid":{"rendered":"https:\/\/www.juntadeandalucia.es/educacion/eaprendizaje\/?page_id=7517"},"modified":"2026-02-03T13:16:52","modified_gmt":"2026-02-03T13:16:52","slug":"aceite","status":"publish","type":"page","link":"https:\/\/www.juntadeandalucia.es/educacion/eaprendizaje\/aceite\/","title":{"rendered":"Aceite Programa Escolar de Consumo de Frutas, Hortalizas y Leche y sus medidas de acompa\u00f1amiento curso 2025\/2026"},"content":{"rendered":"<p>[et_pb_section fb_built=\u00bb1&#8243; _builder_version=\u00bb4.16&#8243; global_colors_info=\u00bb{}\u00bb theme_builder_area=\u00bbpost_content\u00bb][et_pb_row use_custom_gutter=\u00bbon\u00bb gutter_width=\u00bb2&#8243; _builder_version=\u00bb4.16&#8243; background_color=\u00bb#f3f3f3&#8243; width=\u00bb100%\u00bb max_width=\u00bb2560px\u00bb custom_padding=\u00bb0px|2%|0px|2%\u00bb z_index_tablet=\u00bb500&#8243; box_shadow_horizontal_tablet=\u00bb0px\u00bb box_shadow_vertical_tablet=\u00bb0px\u00bb box_shadow_blur_tablet=\u00bb40px\u00bb box_shadow_spread_tablet=\u00bb0px\u00bb global_colors_info=\u00bb{}\u00bb theme_builder_area=\u00bbpost_content\u00bb][et_pb_column type=\u00bb4_4&#8243; _builder_version=\u00bb4.16&#8243; custom_padding=\u00bb|||\u00bb global_colors_info=\u00bb{}\u00bb custom_padding__hover=\u00bb|||\u00bb theme_builder_area=\u00bbpost_content\u00bb][et_pb_code _builder_version=\u00bb4.27.4&#8243; z_index_tablet=\u00bb500&#8243; global_colors_info=\u00bb{}\u00bb theme_builder_area=\u00bbpost_content\u00bb]<\/p>\n<div class=\"ea_pag_sd_cabecera_img\"><!-- [et_pb_line_break_holder] --> <a href=\"https:\/\/www.juntadeandalucia.es/educacion/eaprendizaje\" rel=\"noopener noreferrer\" class=\"cubo_cima\" ><!-- [et_pb_line_break_holder] -->         <img decoding=\"async\" title=\"Logo Consejer\u00eda\" src=\"https:\/\/www.juntadeandalucia.es/educacion/eaprendizaje\/wp-content\/uploads\/2025\/09\/Logo-consejeria-cabecera-2.png\" >     <\/a>  <!-- [et_pb_line_break_holder] --><\/div>\n<p><!-- [et_pb_line_break_holder] --><\/p>\n<div class=\"ea_pag_sd_cabecera_txt\"><!-- [et_pb_line_break_holder] -->    <\/p>\n<h2>Programas Educativos<\/h2>\n<p><!-- [et_pb_line_break_holder] -->  <\/p>\n<h1>Programa Escolar de Consumo de Frutas, Hortalizas y Leche y sus medidas de acompa\u00f1amiento <\/h1>\n<p><!-- [et_pb_line_break_holder] --><a href=\"https:\/\/www.juntadeandalucia.es/educacion/eaprendizaje\/programas-educativos\/\" rel=\"noopener noreferrer\"><!-- [et_pb_line_break_holder] -->        <button type=\"button\" class=\"ea_pag_btn\">Inicio<\/button><!-- [et_pb_line_break_holder] -->    <\/a>  <!-- [et_pb_line_break_holder] --><\/div>\n<p>[\/et_pb_code][\/et_pb_column][\/et_pb_row][\/et_pb_section][et_pb_section fb_built=\u00bb1&#8243; _builder_version=\u00bb4.27.4&#8243; _module_preset=\u00bbdefault\u00bb global_colors_info=\u00bb{}\u00bb theme_builder_area=\u00bbpost_content\u00bb][et_pb_row _builder_version=\u00bb4.27.4&#8243; _module_preset=\u00bbdefault\u00bb global_colors_info=\u00bb{}\u00bb theme_builder_area=\u00bbpost_content\u00bb][et_pb_column type=\u00bb4_4&#8243; _builder_version=\u00bb4.27.4&#8243; _module_preset=\u00bbdefault\u00bb global_colors_info=\u00bb{}\u00bb theme_builder_area=\u00bbpost_content\u00bb][et_pb_text _builder_version=\u00bb4.27.4&#8243; _module_preset=\u00bbdefault\u00bb global_colors_info=\u00bb{}\u00bb theme_builder_area=\u00bbpost_content\u00bb]<\/p>\n<h2><strong>MEDIDA DE ACOMPA\u00d1AMIENTO: ENTREGA DE ACEITE DE OLIVA VIRGEN EXTRA PARA LA CELEBRACI\u00d3N DE UN DESAYUNO SALUDABLE<\/strong><\/h2>\n<p class=\"cvGsUA direction-ltr align-justify para-style-body\"><span class=\"OYPEnA font-feature-liga-off font-feature-clig-off font-feature-calt-off text-decoration-none text-strikethrough-none\">Como medida de acompa\u00f1amiento de la modalidad de distribuci\u00f3n de frutas y hortalizas del Programa Escolar de Consumo de Frutas, Hortalizas y Leche y sus medidas de acompa\u00f1amiento para el curso escolar 2025\/2026, se ofrece a los centros educativos que resulten beneficiarios la entrega de aceite de oliva virgen extra para la celebraci\u00f3n de un desayuno saludable. <\/span><\/p>\n<p class=\"cvGsUA direction-ltr align-justify para-style-body\"><span class=\"OYPEnA font-feature-liga-off font-feature-clig-off font-feature-calt-off text-decoration-none text-strikethrough-none\">Se suministrar\u00e1n 30.000 botellas de cristal de 500 ml de aceite de oliva virgen extra de la campa\u00f1a 2025\/2026, con Denominaci\u00f3n de Origen Protegida de Andaluc\u00eda.\u00a0<\/span><\/p>\n<p><span class=\"OYPEnA font-feature-liga-off font-feature-clig-off font-feature-calt-off text-decoration-none text-strikethrough-none\">Los centros que deseen solicitar esta medida de acompa\u00f1amiento, podr\u00e1n c<\/span><span class=\"a_GcMg font-feature-liga-off font-feature-clig-off font-feature-calt-off text-decoration-none text-strikethrough-none\">umplimentar del<\/span> <strong><span class=\"a_GcMg font-feature-liga-off font-feature-clig-off font-feature-calt-off text-decoration-none text-strikethrough-none\">1 al 30 de septiembr<\/span><span class=\"a_GcMg font-feature-liga-off font-feature-clig-off font-feature-calt-off text-decoration-none text-strikethrough-none\">e<\/span><\/strong><span class=\"a_GcMg font-feature-liga-off font-feature-clig-off font-feature-calt-off text-decoration-none text-strikethrough-none\"><strong> de 2025<\/strong> en el Sistema de Informaci\u00f3n S\u00e9neca desde el perfil de \u201cDirecci\u00f3n\u201d, el <\/span><span class=\"a_GcMg font-feature-liga-off font-feature-clig-off font-feature-calt-off text-decoration-none text-strikethrough-none\">formulario de solicitud. Co<\/span>nsulte el tutorial de solicitud en <a href=\"https:\/\/www.juntadeandalucia.es/educacion/eaprendizaje\/wp-content\/uploads\/2025\/09\/TUTORIAL_SOLICITUD.pdf\" target=\"_blank\" rel=\"noopener\">pdf <\/a>y <a href=\"https:\/\/www.youtube.com\/watch?v=bN2H1U_OSV8\" target=\"_blank\" rel=\"noopener\">v\u00eddeo<\/a><a style=\"font-size: 16px;\" href=\"https:\/\/www.youtube.com\/watch?v=bN2H1U_OSV8\" target=\"_blank\" rel=\"noopener\">\u00a0<\/a><span style=\"font-family: inherit; font-size: inherit;\">para conocer los pasos a seguir en S\u00e9neca.\u00a0<\/span><\/p>\n<p>Consulte la <a href=\"https:\/\/www.juntadeandalucia.es/educacion/eaprendizaje\/wp-content\/uploads\/2025\/11\/Guia-Programa-Escolar-de-Consumo-de-Frutas-Hortalizas-y-Leche.pdf\">Gu\u00eda del Programa<\/a> para conocer todo lo relacionado con la medida de acompa\u00f1amiento aceite.<\/p>\n<p><strong>Empresas distribuidoras de aceite de oliva virgen extra:<\/strong><\/p>\n<p>Para todas las consultas relacionadas con el reparto de aceite contacte directamente con la empresa distribuidora correspondiente a cada provincia:<\/p>\n<table style=\"width: 100%; border-collapse: collapse;\" border=\"1\">\n<tbody>\n<tr>\n<td style=\"width: 50%;\"><strong>Almer\u00eda, C\u00f3rdoba, Granada, Huelva, Ja\u00e9n, M\u00e1laga y Sevilla<\/strong><\/td>\n<td style=\"width: 50%;\"><strong>C\u00e1diz<\/strong><\/td>\n<\/tr>\n<tr>\n<td style=\"width: 50%;\">\n<ul>\n<li>CORTIJO CUEVAS S.L.<\/li>\n<li>Persona de contacto: Ester Padial<\/li>\n<li>Tel\u00e9fono: 650 350 448<\/li>\n<li>Correo electr\u00f3nico: <a href=\"mailto:colegios2026@frutanova.es\">colegios2026@frutanova.es<\/a><\/li>\n<\/ul>\n<\/td>\n<td style=\"width: 50%;\">\n<ul>\n<li>FRUTAS Y VERDURAS MASSANASSA, S.L.<\/li>\n<li>Personas contacto: Boby y Alba<\/li>\n<li>Tel\u00e9fono: 961252778<\/li>\n<li>Correo electr\u00f3nico: <a href=\"mailto:frutasmassanassa@frutasmassanass.com\">frutasmassanassa@frutasmassanass.com<\/a><\/li>\n<\/ul>\n<\/td>\n<\/tr>\n<\/tbody>\n<\/table>\n<p><strong>Enlaces de inter\u00e9s:<\/strong><\/p>\n<ul>\n<li style=\"list-style-type: none;\">\n<ul>\n<li style=\"list-style-type: none;\">\n<ul>\n<li><a href=\"https:\/\/www.juntadeandalucia.es/educacion/eaprendizaje\/wp-content\/uploads\/2025\/11\/Guia-Programa-Escolar-de-Consumo-de-Frutas-Hortalizas-y-Leche.pdf\">Gu\u00eda del Programa Escolar Programa Escolar de Consumo de Frutas, Hortalizas y Leche y sus medidas de acompa\u00f1amiento para el curso escolar 2025\/2026.<\/a><\/li>\n<li><a href=\"https:\/\/www.juntadeandalucia.es\/educacion\/portales\/documents\/270701\/2467231\/Resolucio%C2%BFn%20Programa%20Escolar%20Frutas%20Hortalizas%20Leche%2025_26(F).pdf\/915b5379-02fb-ae7f-3c74-cee8827a7c11?version=1.2\" target=\"_blank\" rel=\"noopener\">Resoluci\u00f3n de 01 de septiembre de 2025, de la Direcci\u00f3n General de Innovaci\u00f3n y Formaci\u00f3n del Profesorado, por la que se convoca el Programa Escolar de Consumo de Frutas, Hortalizas y Leche y sus medidas de acompa\u00f1amiento para el curso escolar 2025\/2026.<\/a><\/li>\n<li><a href=\"https:\/\/www.juntadeandalucia.es\/educacion\/portales\/documents\/270701\/3169392\/Resoluci%C3%B3n%20definitiva%20Fruta%20Leche%2025_26(F).pdf\/73d961d9-c617-b28d-0ff2-f58412d122d2?version=1.0\">Resoluci\u00f3n de la Direcci\u00f3n General de Innovaci\u00f3n y Formaci\u00f3n del Profesorado, por la que se aprueban las listas definitivas de centros educativos seleccionados, en reserva y excluidos en la convocatoria del Programa Escolar de Consumo de Frutas, Hortalizas y Leche y sus medidas de acompa\u00f1amiento para el curso 2025\/2026.<\/a><\/li>\n<li><a href=\"https:\/\/www.juntadeandalucia.es\/educacion\/portales\/documents\/20123\/3194790\/ANEXO%20III%20ACEITE_DEFINITIVA(F).pdf\/74372416-1049-60b9-2e5e-de424c961232?version=2.0\">Anexo III: Relaci\u00f3n definitiva de centros seleccionados, en reserva y excluidos en la medida de acompa\u00f1amiento de aceite para el curso 2025\/2026<\/a><\/li>\n<\/ul>\n<\/li>\n<\/ul>\n<\/li>\n<\/ul>\n<p>[\/et_pb_text][\/et_pb_column][\/et_pb_row][et_pb_row column_structure=\u00bb1_2,1_2&#8243; _builder_version=\u00bb4.27.4&#8243; _module_preset=\u00bbdefault\u00bb global_colors_info=\u00bb{}\u00bb theme_builder_area=\u00bbpost_content\u00bb][et_pb_column type=\u00bb1_2&#8243; _builder_version=\u00bb4.27.4&#8243; _module_preset=\u00bbdefault\u00bb global_colors_info=\u00bb{}\u00bb theme_builder_area=\u00bbpost_content\u00bb][et_pb_image src=\u00bbhttps:\/\/www.juntadeandalucia.es/educacion/eaprendizaje\/wp-content\/uploads\/2025\/09\/Imagen-aceite.png\u00bb title_text=\u00bbImagen aceite\u00bb _builder_version=\u00bb4.27.4&#8243; _module_preset=\u00bbdefault\u00bb border_radii=\u00bbon|30px|30px|30px|30px\u00bb global_colors_info=\u00bb{}\u00bb theme_builder_area=\u00bbpost_content\u00bb][\/et_pb_image][\/et_pb_column][et_pb_column type=\u00bb1_2&#8243; _builder_version=\u00bb4.27.4&#8243; _module_preset=\u00bbdefault\u00bb global_colors_info=\u00bb{}\u00bb theme_builder_area=\u00bbpost_content\u00bb][et_pb_image src=\u00bbhttps:\/\/www.juntadeandalucia.es/educacion/eaprendizaje\/wp-content\/uploads\/2025\/11\/Imagen-guia-fruta-leche-1.png\u00bb title_text=\u00bbImagen gu\u00eda fruta-leche\u00bb url=\u00bbhttps:\/\/www.juntadeandalucia.es/educacion/eaprendizaje\/wp-content\/uploads\/2025\/11\/Guia-Programa-Escolar-de-Consumo-de-Frutas-Hortalizas-y-Leche.pdf\u00bb _builder_version=\u00bb4.27.4&#8243; _module_preset=\u00bbdefault\u00bb global_colors_info=\u00bb{}\u00bb theme_builder_area=\u00bbpost_content\u00bb][\/et_pb_image][\/et_pb_column][\/et_pb_row][\/et_pb_section][et_pb_section fb_built=\u00bb1&#8243; _builder_version=\u00bb4.27.4&#8243; background_color=\u00bb#96deee\u00bb z_index_tablet=\u00bb500&#8243; box_shadow_horizontal_tablet=\u00bb0px\u00bb box_shadow_vertical_tablet=\u00bb0px\u00bb box_shadow_blur_tablet=\u00bb40px\u00bb box_shadow_spread_tablet=\u00bb0px\u00bb global_colors_info=\u00bb{}\u00bb theme_builder_area=\u00bbpost_content\u00bb][et_pb_row _builder_version=\u00bb4.16&#8243; global_colors_info=\u00bb{}\u00bb theme_builder_area=\u00bbpost_content\u00bb][et_pb_column type=\u00bb4_4&#8243; _builder_version=\u00bb4.16&#8243; custom_padding=\u00bb|||\u00bb global_colors_info=\u00bb{}\u00bb custom_padding__hover=\u00bb|||\u00bb theme_builder_area=\u00bbpost_content\u00bb][et_pb_text _builder_version=\u00bb4.27.4&#8243; text_font_size=\u00bb7px\u00bb text_orientation=\u00bbcenter\u00bb custom_margin=\u00bb|||5px|false|false\u00bb custom_padding=\u00bb|||50px|false|false\u00bb z_index_tablet=\u00bb500&#8243; text_text_shadow_horizontal_length_tablet=\u00bb0px\u00bb text_text_shadow_vertical_length_tablet=\u00bb0px\u00bb text_text_shadow_blur_strength_tablet=\u00bb1px\u00bb link_text_shadow_horizontal_length_tablet=\u00bb0px\u00bb link_text_shadow_vertical_length_tablet=\u00bb0px\u00bb link_text_shadow_blur_strength_tablet=\u00bb1px\u00bb ul_text_shadow_horizontal_length_tablet=\u00bb0px\u00bb ul_text_shadow_vertical_length_tablet=\u00bb0px\u00bb ul_text_shadow_blur_strength_tablet=\u00bb1px\u00bb ol_text_shadow_horizontal_length_tablet=\u00bb0px\u00bb ol_text_shadow_vertical_length_tablet=\u00bb0px\u00bb ol_text_shadow_blur_strength_tablet=\u00bb1px\u00bb quote_text_shadow_horizontal_length_tablet=\u00bb0px\u00bb quote_text_shadow_vertical_length_tablet=\u00bb0px\u00bb quote_text_shadow_blur_strength_tablet=\u00bb1px\u00bb header_text_shadow_horizontal_length_tablet=\u00bb0px\u00bb header_text_shadow_vertical_length_tablet=\u00bb0px\u00bb header_text_shadow_blur_strength_tablet=\u00bb1px\u00bb header_2_text_shadow_horizontal_length_tablet=\u00bb0px\u00bb header_2_text_shadow_vertical_length_tablet=\u00bb0px\u00bb header_2_text_shadow_blur_strength_tablet=\u00bb1px\u00bb header_3_text_shadow_horizontal_length_tablet=\u00bb0px\u00bb header_3_text_shadow_vertical_length_tablet=\u00bb0px\u00bb header_3_text_shadow_blur_strength_tablet=\u00bb1px\u00bb header_4_text_shadow_horizontal_length_tablet=\u00bb0px\u00bb header_4_text_shadow_vertical_length_tablet=\u00bb0px\u00bb header_4_text_shadow_blur_strength_tablet=\u00bb1px\u00bb header_5_text_shadow_horizontal_length_tablet=\u00bb0px\u00bb header_5_text_shadow_vertical_length_tablet=\u00bb0px\u00bb header_5_text_shadow_blur_strength_tablet=\u00bb1px\u00bb header_6_text_shadow_horizontal_length_tablet=\u00bb0px\u00bb header_6_text_shadow_vertical_length_tablet=\u00bb0px\u00bb header_6_text_shadow_blur_strength_tablet=\u00bb1px\u00bb box_shadow_horizontal_tablet=\u00bb0px\u00bb box_shadow_vertical_tablet=\u00bb0px\u00bb box_shadow_blur_tablet=\u00bb40px\u00bb box_shadow_spread_tablet=\u00bb0px\u00bb text_text_align=\u00bbcenter\u00bb global_colors_info=\u00bb{}\u00bb theme_builder_area=\u00bbpost_content\u00bb]<\/p>\n<h2><span style=\"color: #005da8;\"><strong>Contacto<\/strong><\/span><\/h2>\n<h4><span style=\"color: #000000;\">Para cuestiones relacionadas con la gesti\u00f3n de los Planes y Programas Educativos puede dirigirse al correo: <a href=\"mailto:programaseducativos.cdefp@juntadeandalucia.es\">programaseducativos.cdefp@juntadeandalucia.es<\/a><\/span><\/h4>\n<h4><span style=\"color: #000000;\">Para consultas t\u00e9cnicas puede dirigirse al <a href=\"https:\/\/juntadeandalucia.es\/organismos\/desarrolloeducativoyformacionprofesional\/servicios\/atencion-ciudadania.html\">Centro de Atenci\u00f3n a Usuarios de la Comunidad Educativa (CAUCE)<\/a><\/span><\/h4>\n<p>[\/et_pb_text][\/et_pb_column][\/et_pb_row][\/et_pb_section]<\/p>\n","protected":false},"excerpt":{"rendered":"<p>MEDIDA DE ACOMPA\u00d1AMIENTO: ENTREGA DE ACEITE DE OLIVA VIRGEN EXTRA PARA LA CELEBRACI\u00d3N DE UN DESAYUNO SALUDABLE Como medida de acompa\u00f1amiento de la modalidad de distribuci\u00f3n de frutas y hortalizas del Programa Escolar de Consumo de Frutas, Hortalizas y Leche y sus medidas de acompa\u00f1amiento para el curso escolar 2025\/2026, se ofrece a los centros [&hellip;]<\/p>\n","protected":false},"author":7,"featured_media":0,"parent":0,"menu_order":0,"comment_status":"closed","ping_status":"closed","template":"","meta":{"_et_pb_use_builder":"on","_et_pb_old_content":"","_et_gb_content_width":"","footnotes":""},"class_list":["post-7517","page","type-page","status-publish","hentry"],"yoast_head":"<!-- This site is optimized with the Yoast SEO plugin v24.4 - https:\/\/yoast.com\/wordpress\/plugins\/seo\/ -->\n<title>Aceite Programa Escolar de Consumo de Frutas, Hortalizas y Leche y sus medidas de acompa\u00f1amiento curso 2025\/2026 - eAprendizaje<\/title>\n<meta name=\"robots\" content=\"index, follow, max-snippet:-1, max-image-preview:large, max-video-preview:-1\" \/>\n<link rel=\"canonical\" href=\"https:\/\/www.juntadeandalucia.es/educacion/eaprendizaje\/aceite\/\" \/>\n<meta property=\"og:locale\" content=\"es_ES\" \/>\n<meta property=\"og:type\" content=\"article\" \/>\n<meta property=\"og:title\" content=\"Aceite Programa Escolar de Consumo de Frutas, Hortalizas y Leche y sus medidas de acompa\u00f1amiento curso 2025\/2026 - eAprendizaje\" \/>\n<meta property=\"og:description\" content=\"MEDIDA DE ACOMPA\u00d1AMIENTO: ENTREGA DE ACEITE DE OLIVA VIRGEN EXTRA PARA LA CELEBRACI\u00d3N DE UN DESAYUNO SALUDABLE Como medida de acompa\u00f1amiento de la modalidad de distribuci\u00f3n de frutas y hortalizas del Programa Escolar de Consumo de Frutas, Hortalizas y Leche y sus medidas de acompa\u00f1amiento para el curso escolar 2025\/2026, se ofrece a los centros [&hellip;]\" \/>\n<meta property=\"og:url\" content=\"https:\/\/www.juntadeandalucia.es/educacion/eaprendizaje\/aceite\/\" \/>\n<meta property=\"og:site_name\" content=\"eAprendizaje\" \/>\n<meta property=\"article:modified_time\" content=\"2026-02-03T13:16:52+00:00\" \/>\n<meta property=\"og:image\" content=\"https:\/\/www.juntadeandalucia.es/educacion/eaprendizaje\/wp-content\/uploads\/2025\/09\/Logo-consejeria-cabecera-2.png\" \/>\n<meta name=\"twitter:card\" content=\"summary_large_image\" \/>\n<meta name=\"twitter:label1\" content=\"Tiempo de lectura\" \/>\n\t<meta name=\"twitter:data1\" content=\"3 minutos\" \/>\n<script type=\"application\/ld+json\" class=\"yoast-schema-graph\">{\"@context\":\"https:\/\/schema.org\",\"@graph\":[{\"@type\":\"WebPage\",\"@id\":\"https:\/\/www.juntadeandalucia.es/educacion/eaprendizaje\/aceite\/\",\"url\":\"https:\/\/www.juntadeandalucia.es/educacion/eaprendizaje\/aceite\/\",\"name\":\"Aceite Programa Escolar de Consumo de Frutas, Hortalizas y Leche y sus medidas de acompa\u00f1amiento curso 2025\/2026 - eAprendizaje\",\"isPartOf\":{\"@id\":\"https:\/\/www.juntadeandalucia.es/educacion/eaprendizaje\/#website\"},\"primaryImageOfPage\":{\"@id\":\"https:\/\/www.juntadeandalucia.es/educacion/eaprendizaje\/aceite\/#primaryimage\"},\"image\":{\"@id\":\"https:\/\/www.juntadeandalucia.es/educacion/eaprendizaje\/aceite\/#primaryimage\"},\"thumbnailUrl\":\"https:\/\/www.juntadeandalucia.es/educacion/eaprendizaje\/wp-content\/uploads\/2025\/09\/Logo-consejeria-cabecera-2.png\",\"datePublished\":\"2025-04-21T09:33:11+00:00\",\"dateModified\":\"2026-02-03T13:16:52+00:00\",\"breadcrumb\":{\"@id\":\"https:\/\/www.juntadeandalucia.es/educacion/eaprendizaje\/aceite\/#breadcrumb\"},\"inLanguage\":\"es\",\"potentialAction\":[{\"@type\":\"ReadAction\",\"target\":[\"https:\/\/www.juntadeandalucia.es/educacion/eaprendizaje\/aceite\/\"]}]},{\"@type\":\"ImageObject\",\"inLanguage\":\"es\",\"@id\":\"https:\/\/www.juntadeandalucia.es/educacion/eaprendizaje\/aceite\/#primaryimage\",\"url\":\"https:\/\/www.juntadeandalucia.es/educacion/eaprendizaje\/wp-content\/uploads\/2025\/09\/Logo-consejeria-cabecera-2.png\",\"contentUrl\":\"https:\/\/www.juntadeandalucia.es/educacion/eaprendizaje\/wp-content\/uploads\/2025\/09\/Logo-consejeria-cabecera-2.png\",\"width\":470,\"height\":390},{\"@type\":\"BreadcrumbList\",\"@id\":\"https:\/\/www.juntadeandalucia.es/educacion/eaprendizaje\/aceite\/#breadcrumb\",\"itemListElement\":[{\"@type\":\"ListItem\",\"position\":1,\"name\":\"Inicio\",\"item\":\"https:\/\/www.juntadeandalucia.es/educacion/eaprendizaje\/\"},{\"@type\":\"ListItem\",\"position\":2,\"name\":\"Aceite Programa Escolar de Consumo de Frutas, Hortalizas y Leche y sus medidas de acompa\u00f1amiento curso 2025\/2026\"}]},{\"@type\":\"WebSite\",\"@id\":\"https:\/\/www.juntadeandalucia.es/educacion/eaprendizaje\/#website\",\"url\":\"https:\/\/www.juntadeandalucia.es/educacion/eaprendizaje\/\",\"name\":\"eAprendizaje\",\"description\":\"Punto de encuentro de la Comunidad Educativa\",\"potentialAction\":[{\"@type\":\"SearchAction\",\"target\":{\"@type\":\"EntryPoint\",\"urlTemplate\":\"https:\/\/www.juntadeandalucia.es/educacion/eaprendizaje\/?s={search_term_string}\"},\"query-input\":{\"@type\":\"PropertyValueSpecification\",\"valueRequired\":true,\"valueName\":\"search_term_string\"}}],\"inLanguage\":\"es\"}]}<\/script>\n<!-- \/ Yoast SEO plugin. -->","yoast_head_json":{"title":"Aceite Programa Escolar de Consumo de Frutas, Hortalizas y Leche y sus medidas de acompa\u00f1amiento curso 2025\/2026 - eAprendizaje","robots":{"index":"index","follow":"follow","max-snippet":"max-snippet:-1","max-image-preview":"max-image-preview:large","max-video-preview":"max-video-preview:-1"},"canonical":"https:\/\/www.juntadeandalucia.es/educacion/eaprendizaje\/aceite\/","og_locale":"es_ES","og_type":"article","og_title":"Aceite Programa Escolar de Consumo de Frutas, Hortalizas y Leche y sus medidas de acompa\u00f1amiento curso 2025\/2026 - eAprendizaje","og_description":"MEDIDA DE ACOMPA\u00d1AMIENTO: ENTREGA DE ACEITE DE OLIVA VIRGEN EXTRA PARA LA CELEBRACI\u00d3N DE UN DESAYUNO SALUDABLE Como medida de acompa\u00f1amiento de la modalidad de distribuci\u00f3n de frutas y hortalizas del Programa Escolar de Consumo de Frutas, Hortalizas y Leche y sus medidas de acompa\u00f1amiento para el curso escolar 2025\/2026, se ofrece a los centros [&hellip;]","og_url":"https:\/\/www.juntadeandalucia.es/educacion/eaprendizaje\/aceite\/","og_site_name":"eAprendizaje","article_modified_time":"2026-02-03T13:16:52+00:00","og_image":[{"url":"https:\/\/www.juntadeandalucia.es/educacion/eaprendizaje\/wp-content\/uploads\/2025\/09\/Logo-consejeria-cabecera-2.png","type":"","width":"","height":""}],"twitter_card":"summary_large_image","twitter_misc":{"Tiempo de lectura":"3 minutos"},"schema":{"@context":"https:\/\/schema.org","@graph":[{"@type":"WebPage","@id":"https:\/\/www.juntadeandalucia.es/educacion/eaprendizaje\/aceite\/","url":"https:\/\/www.juntadeandalucia.es/educacion/eaprendizaje\/aceite\/","name":"Aceite Programa Escolar de Consumo de Frutas, Hortalizas y Leche y sus medidas de acompa\u00f1amiento curso 2025\/2026 - eAprendizaje","isPartOf":{"@id":"https:\/\/www.juntadeandalucia.es/educacion/eaprendizaje\/#website"},"primaryImageOfPage":{"@id":"https:\/\/www.juntadeandalucia.es/educacion/eaprendizaje\/aceite\/#primaryimage"},"image":{"@id":"https:\/\/www.juntadeandalucia.es/educacion/eaprendizaje\/aceite\/#primaryimage"},"thumbnailUrl":"https:\/\/www.juntadeandalucia.es/educacion/eaprendizaje\/wp-content\/uploads\/2025\/09\/Logo-consejeria-cabecera-2.png","datePublished":"2025-04-21T09:33:11+00:00","dateModified":"2026-02-03T13:16:52+00:00","breadcrumb":{"@id":"https:\/\/www.juntadeandalucia.es/educacion/eaprendizaje\/aceite\/#breadcrumb"},"inLanguage":"es","potentialAction":[{"@type":"ReadAction","target":["https:\/\/www.juntadeandalucia.es/educacion/eaprendizaje\/aceite\/"]}]},{"@type":"ImageObject","inLanguage":"es","@id":"https:\/\/www.juntadeandalucia.es/educacion/eaprendizaje\/aceite\/#primaryimage","url":"https:\/\/www.juntadeandalucia.es/educacion/eaprendizaje\/wp-content\/uploads\/2025\/09\/Logo-consejeria-cabecera-2.png","contentUrl":"https:\/\/www.juntadeandalucia.es/educacion/eaprendizaje\/wp-content\/uploads\/2025\/09\/Logo-consejeria-cabecera-2.png","width":470,"height":390},{"@type":"BreadcrumbList","@id":"https:\/\/www.juntadeandalucia.es/educacion/eaprendizaje\/aceite\/#breadcrumb","itemListElement":[{"@type":"ListItem","position":1,"name":"Inicio","item":"https:\/\/www.juntadeandalucia.es/educacion/eaprendizaje\/"},{"@type":"ListItem","position":2,"name":"Aceite Programa Escolar de Consumo de Frutas, Hortalizas y Leche y sus medidas de acompa\u00f1amiento curso 2025\/2026"}]},{"@type":"WebSite","@id":"https:\/\/www.juntadeandalucia.es/educacion/eaprendizaje\/#website","url":"https:\/\/www.juntadeandalucia.es/educacion/eaprendizaje\/","name":"eAprendizaje","description":"Punto de encuentro de la Comunidad Educativa","potentialAction":[{"@type":"SearchAction","target":{"@type":"EntryPoint","urlTemplate":"https:\/\/www.juntadeandalucia.es/educacion/eaprendizaje\/?s={search_term_string}"},"query-input":{"@type":"PropertyValueSpecification","valueRequired":true,"valueName":"search_term_string"}}],"inLanguage":"es"}]}},"_links":{"self":[{"href":"https:\/\/www.juntadeandalucia.es/educacion/eaprendizaje\/wp-json\/wp\/v2\/pages\/7517","targetHints":{"allow":["GET"]}}],"collection":[{"href":"https:\/\/www.juntadeandalucia.es/educacion/eaprendizaje\/wp-json\/wp\/v2\/pages"}],"about":[{"href":"https:\/\/www.juntadeandalucia.es/educacion/eaprendizaje\/wp-json\/wp\/v2\/types\/page"}],"author":[{"embeddable":true,"href":"https:\/\/www.juntadeandalucia.es/educacion/eaprendizaje\/wp-json\/wp\/v2\/users\/7"}],"replies":[{"embeddable":true,"href":"https:\/\/www.juntadeandalucia.es/educacion/eaprendizaje\/wp-json\/wp\/v2\/comments?post=7517"}],"version-history":[{"count":16,"href":"https:\/\/www.juntadeandalucia.es/educacion/eaprendizaje\/wp-json\/wp\/v2\/pages\/7517\/revisions"}],"predecessor-version":[{"id":10240,"href":"https:\/\/www.juntadeandalucia.es/educacion/eaprendizaje\/wp-json\/wp\/v2\/pages\/7517\/revisions\/10240"}],"wp:attachment":[{"href":"https:\/\/www.juntadeandalucia.es/educacion/eaprendizaje\/wp-json\/wp\/v2\/media?parent=7517"}],"curies":[{"name":"wp","href":"https:\/\/api.w.org\/{rel}","templated":true}]}}